{"id":68,"date":"2025-01-28T11:50:27","date_gmt":"2025-01-28T10:50:27","guid":{"rendered":"https:\/\/anne-sechaud-consultants.fr\/?page_id=68"},"modified":"2026-02-11T12:36:07","modified_gmt":"2026-02-11T11:36:07","slug":"fiche-dinformation-de-la-structure","status":"publish","type":"page","link":"https:\/\/anne-sechaud-consultants.fr\/index.php\/fiche-dinformation-de-la-structure\/","title":{"rendered":"FICHE D\u2019INFORMATION DE LA STRUCTURE"},"content":{"rendered":"\n<p class=\"has-medium-font-size\" style=\"margin-top:var(--wp--preset--spacing--20);margin-bottom:var(--wp--preset--spacing--20)\"><strong>Adresse&nbsp;: <\/strong>8, boulevard VOLNEY \u2013 35700 RENNES<\/p>\n\n\n\n<p class=\"has-medium-font-size\" style=\"margin-top:var(--wp--preset--spacing--20);margin-bottom:var(--wp--preset--spacing--20)\"><strong>T\u00e9l\u00e9phone&nbsp;:<\/strong>&nbsp;&nbsp;&nbsp;&nbsp;&nbsp;&nbsp;&nbsp;&nbsp;&nbsp; 06 07 23 24 89<\/p>\n\n\n\n<p class=\"has-medium-font-size\" style=\"margin-top:var(--wp--preset--spacing--20);margin-bottom:var(--wp--preset--spacing--20)\"><strong>Adresse mail&nbsp;:&nbsp;&nbsp;&nbsp; <\/strong><a href=\"mailto:anne.sechaud01@gmail.com\">anne.sechaud01@gmail.com<\/a><\/p>\n\n\n\n<p class=\"has-medium-font-size\" style=\"margin-top:var(--wp--preset--spacing--20);margin-bottom:var(--wp--preset--spacing--20)\"><strong>Site&nbsp;:&nbsp;&nbsp;&nbsp;&nbsp;&nbsp;&nbsp;&nbsp;&nbsp;&nbsp;&nbsp;&nbsp;&nbsp;&nbsp;&nbsp;&nbsp; <\/strong><a href=\"http:\/\/www.anne-sechaud-consultants.fr\">www.anne-sechaud-consultants.fr<\/a><\/p>\n\n\n\n<p style=\"margin-top:var(--wp--preset--spacing--20);margin-bottom:var(--wp--preset--spacing--20)\"><strong>D\u00e9nomination sociale&nbsp;: ANNE S\u00c9CHAUD CONSULTANTS<\/strong><\/p>\n\n\n\n<p><strong>Moyens d\u2019acc\u00e8s&nbsp;:<\/strong><\/p>\n\n\n\n<ul class=\"wp-block-list\">\n<li><strong>Bus&nbsp;&nbsp;&nbsp;&nbsp;&nbsp; : <\/strong>\u00e0 proximit\u00e9 de l\u2019immeuble, rue d\u2019Antrain&nbsp;: ligne 51&nbsp;; 9&nbsp;; C5&nbsp;; 71&nbsp;; arr\u00eat&nbsp;:&nbsp;\u00ab&nbsp;VOLNEY&nbsp;\u00bb.<\/li>\n\n\n\n<li><strong>Voiture<\/strong>&nbsp; : dans la rue ou parking \u00e0 proximit\u00e9 il y a un petit centre commercial accessible rue d\u2019Antrain.<\/li>\n\n\n\n<li><strong>Gare&nbsp;&nbsp; <\/strong>&nbsp;&nbsp;: de Rennes (3 km environ) et v\u00e9lib, bus, taxi.<\/li>\n\n\n\n<li><strong>A pieds&nbsp; :<\/strong> 30 mn environ depuis la gare.<\/li>\n<\/ul>\n\n\n\n<p><strong>Acc\u00e8s handicap\u00e9s\u00a0: <\/strong>Accessible aux personnes en situation de handicap, quel que soit le handicap \u2013 un garage vacant pour\u00a0 une voiture &#8211;\u00a0 L\u2019entr\u00e9e de l\u2019immeuble est accessible aux fauteuils roulants et l\u2019ascenseur est aux normes \u2013 Une personne vient vous chercher si besoin.<\/p>\n\n\n\n<p><strong>Jours et horaires d\u2019accueil t\u00e9l\u00e9phonique&nbsp;<\/strong>:<\/p>\n\n\n\n<p>Du lundi au vendredi de 8 h 30 \u00e0 19 h, davantage si besoin (messagerie et portable toujours \u00e0 l\u2019\u00e9coute).<\/p>\n\n\n\n<p><strong>Jours et horaires de r\u00e9ception du public <\/strong>:&nbsp;<\/p>\n\n\n\n<p>Du lundi au vendredi inclus de 9 h \u00e0 19 h sur rendez-vous.<\/p>\n\n\n\n<p><strong>Taux de r\u00e9ussite pour les bilans de comp\u00e9tences jusqu\u2019en d\u00e9cembre 2024: 100%<\/strong><\/p>\n\n\n\n<p><strong>Adresse mail des 3 intervenants&nbsp;:<\/strong><\/p>\n\n\n\n<p><a href=\"mailto:anne.sechaud01@gmail.com\">anne.sechaud01@gmail.com<\/a><\/p>\n\n\n\n<p><a href=\"mailto:gerard.sechaud@cegetel.net\">gerard.sechaud@cegetel.net<\/a><\/p>\n\n\n\n<p><a href=\"mailto:aurelia.bourdais@cegetel.net\">aurelia.bourdais@cegetel.net<\/a><\/p>\n\n\n\n<p><strong>Exp\u00e9rience&nbsp;des intervenants :<\/strong><\/p>\n\n\n\n<ol style=\"list-style-type:upper-alpha\" class=\"wp-block-list\">\n<li>ANNE S\u00c9CHAUD : PSYCHOLOGUE DU TRAVAIL<\/li>\n\n\n\n<li>Bilan de comp\u00e9tences<\/li>\n\n\n\n<li>Formation sur mesure<\/li>\n\n\n\n<li>Conseil individuel<\/li>\n\n\n\n<li>Out-placement<\/li>\n\n\n\n<li>Recrutement<\/li>\n\n\n\n<li>Bilan d\u2019\u00e9valuation<\/li>\n\n\n\n<li>Bilan d\u2019orientation<\/li>\n<\/ol>\n\n\n\n<p><strong>&nbsp;AUR\u00c9LIA BOURDAIS&nbsp;: CONSULTANTE FORMATRICE<\/strong><\/p>\n\n\n\n<ul class=\"wp-block-list\">\n<li>Bilan de comp\u00e9tences<\/li>\n\n\n\n<li>Formation<\/li>\n\n\n\n<li>Conseil individuel<\/li>\n\n\n\n<li>Recrutement<\/li>\n\n\n\n<li>Bilan d\u2019orientation jeunes<\/li>\n<\/ul>\n\n\n\n<ul class=\"wp-block-list\">\n<li><strong>GERARD SECHAUD&nbsp;: CHARGE DE MISSION<\/strong><\/li>\n\n\n\n<li>Aide \u00e0 la cr\u00e9ation d\u2019entreprise \u2013 m\u00e9diation \u00e9conomique et financi\u00e8re \u2013 aide \u00e0 la mise en relation avec les organismes sp\u00e9cialis\u00e9s et concern\u00e9s.<\/li>\n\n\n\n<li>Connaissance et suivi r\u00e9gulier de la conjoncture et du march\u00e9 de l\u2018emploi<\/li>\n\n\n\n<li>Management et accompagnement de la direction des entreprises<\/li>\n\n\n\n<li>Sp\u00e9cialiste des relations financi\u00e8res, la cotation et la notation des entreprises.<\/li>\n\n\n\n<li>Conseil pour les relations ext\u00e9rieures avec les entreprises, les administrations et les organismes \u00e0 vocation \u00e9conomique<\/li>\n<\/ul>\n","protected":false},"excerpt":{"rendered":"<p>Adresse&nbsp;: 8, boulevard VOLNEY \u2013 35700 RENNES T\u00e9l\u00e9phone&nbsp;:&nbsp;&nbsp;&nbsp;&nbsp;&nbsp;&nbsp;&nbsp;&nbsp;&nbsp; 06 07 23 24 89 Adresse mail&nbsp;:&nbsp;&nbsp;&nbsp; anne.sechaud01@gmail.com Site&nbsp;:&nbsp;&nbsp;&nbsp;&nbsp;&nbsp;&nbsp;&nbsp;&nbsp;&nbsp;&nbsp;&nbsp;&nbsp;&nbsp;&nbsp;&nbsp; www.anne-sechaud-consultants.fr D\u00e9nomination sociale&nbsp;: [&hellip;]<\/p>\n","protected":false},"author":1,"featured_media":0,"parent":0,"menu_order":0,"comment_status":"closed","ping_status":"closed","template":"","meta":{"site-sidebar-layout":"default","site-content-layout":"","ast-site-content-layout":"default","site-content-style":"default","site-sidebar-style":"default","ast-global-header-display":"","ast-banner-title-visibility":"","ast-main-header-display":"","ast-hfb-above-header-display":"","ast-hfb-below-header-display":"","ast-hfb-mobile-header-display":"","site-post-title":"","ast-breadcrumbs-content":"","ast-featured-img":"","footer-sml-layout":"","ast-disable-related-posts":"","theme-transparent-header-meta":"","adv-header-id-meta":"","stick-header-meta":"","header-above-stick-meta":"","header-main-stick-meta":"","header-below-stick-meta":"","astra-migrate-meta-layouts":"default","ast-page-background-enabled":"default","ast-page-background-meta":{"desktop":{"background-color":"var(--ast-global-color-5)","background-image":"","background-repeat":"repeat","background-position":"center center","background-size":"auto","background-attachment":"scroll","background-type":"","background-media":"","overlay-type":"","overlay-color":"","overlay-opacity":"","overlay-gradient":""},"tablet":{"background-color":"","background-image":"","background-repeat":"repeat","background-position":"center center","background-size":"auto","background-attachment":"scroll","background-type":"","background-media":"","overlay-type":"","overlay-color":"","overlay-opacity":"","overlay-gradient":""},"mobile":{"background-color":"","background-image":"","background-repeat":"repeat","background-position":"center center","background-size":"auto","background-attachment":"scroll","background-type":"","background-media":"","overlay-type":"","overlay-color":"","overlay-opacity":"","overlay-gradient":""}},"ast-content-background-meta":{"desktop":{"background-color":"var(--ast-global-color-4)","background-image":"","background-repeat":"repeat","background-position":"center center","background-size":"auto","background-attachment":"scroll","background-type":"","background-media":"","overlay-type":"","overlay-color":"","overlay-opacity":"","overlay-gradient":""},"tablet":{"background-color":"var(--ast-global-color-4)","background-image":"","background-repeat":"repeat","background-position":"center center","background-size":"auto","background-attachment":"scroll","background-type":"","background-media":"","overlay-type":"","overlay-color":"","overlay-opacity":"","overlay-gradient":""},"mobile":{"background-color":"var(--ast-global-color-4)","background-image":"","background-repeat":"repeat","background-position":"center center","background-size":"auto","background-attachment":"scroll","background-type":"","background-media":"","overlay-type":"","overlay-color":"","overlay-opacity":"","overlay-gradient":""}},"footnotes":""},"class_list":["post-68","page","type-page","status-publish","hentry"],"_links":{"self":[{"href":"https:\/\/anne-sechaud-consultants.fr\/index.php\/wp-json\/wp\/v2\/pages\/68","targetHints":{"allow":["GET"]}}],"collection":[{"href":"https:\/\/anne-sechaud-consultants.fr\/index.php\/wp-json\/wp\/v2\/pages"}],"about":[{"href":"https:\/\/anne-sechaud-consultants.fr\/index.php\/wp-json\/wp\/v2\/types\/page"}],"author":[{"embeddable":true,"href":"https:\/\/anne-sechaud-consultants.fr\/index.php\/wp-json\/wp\/v2\/users\/1"}],"replies":[{"embeddable":true,"href":"https:\/\/anne-sechaud-consultants.fr\/index.php\/wp-json\/wp\/v2\/comments?post=68"}],"version-history":[{"count":2,"href":"https:\/\/anne-sechaud-consultants.fr\/index.php\/wp-json\/wp\/v2\/pages\/68\/revisions"}],"predecessor-version":[{"id":236,"href":"https:\/\/anne-sechaud-consultants.fr\/index.php\/wp-json\/wp\/v2\/pages\/68\/revisions\/236"}],"wp:attachment":[{"href":"https:\/\/anne-sechaud-consultants.fr\/index.php\/wp-json\/wp\/v2\/media?parent=68"}],"curies":[{"name":"wp","href":"https:\/\/api.w.org\/{rel}","templated":true}]}}