{"id":2,"date":"2025-01-26T17:28:21","date_gmt":"2025-01-26T16:28:21","guid":{"rendered":"http:\/\/anne-sechaud-consultants.fr\/?page_id=2"},"modified":"2025-01-27T19:07:36","modified_gmt":"2025-01-27T18:07:36","slug":"page-d-exemple","status":"publish","type":"page","link":"https:\/\/anne-sechaud-consultants.fr\/index.php\/page-d-exemple\/","title":{"rendered":"L\u2019OUT PLACEMENT"},"content":{"rendered":"\n<p><strong>POURQUOI&nbsp;?<\/strong><br>&nbsp;<br>Pour r\u00e9orienter \u00e0 l\u2019ext\u00e9rieur les personnes qui ne r\u00e9pondent plus en interne \u00e0 ce qu\u2019on attend d\u2019elles.<\/p>\n\n\n\n<p><br><strong>QUAND\u00a0?<\/strong><br>\u00a0<br>Lorsqu\u2019une collaboration ne satisfait plus les partenaires en cause, pour y mettre fin \u00ab\u00a0dans l\u2019ordre\u00a0\u00bb<br>et en harmonie avec les acteurs concern\u00e9s de l\u2019entreprise.<br>\u00a0<br><strong>COMMENT\u00a0?<\/strong><br>\u00a0<br>En accord avec le dirigeant de l\u2019entreprise et le collaborateur concern\u00e9s, ce dernier est accompagn\u00e9<br>pour qu\u2019il retrouve une situation conforme \u00e0 son potentiel.<br>\u00a0<br><strong>L\u2019out placement comprend\u00a0:<\/strong><br>\u00a0<br> &#8211; Le bilan personnel et professionnel<br> &#8211; La construction d\u2019un projet professionnel<br> &#8211; Les techniques de recherche d\u2019emploi<br> &#8211; L\u2019accompagnement dans les d\u00e9marches, le coaching<br> &#8211; La garantie de retour \u00e0 l\u2019emploi dans les options pr\u00e9vues au contrat.<br>\u00a0<br><strong>RESULTATS\u00a0:<\/strong><br>\u00a0<br>Le b\u00e9n\u00e9ficiaire retrouve \u00e0 l\u2019issue d\u2019un out placement son employabilit\u00e9.<br>L\u2019entreprise conserve son image positive vis \u00e0 vis de l\u2019ensemble des personnes concern\u00e9es en<br>interne et en externe et se forge une r\u00e9putation de s\u00e9rieux et de respect de la ressource humaine.<\/p>\n","protected":false},"excerpt":{"rendered":"<p>POURQUOI&nbsp;?&nbsp;Pour r\u00e9orienter \u00e0 l\u2019ext\u00e9rieur les personnes qui ne r\u00e9pondent plus en interne \u00e0 ce qu\u2019on attend d\u2019elles. QUAND\u00a0?\u00a0Lorsqu\u2019une collaboration ne [&hellip;]<\/p>\n","protected":false},"author":1,"featured_media":0,"parent":0,"menu_order":0,"comment_status":"closed","ping_status":"open","template":"","meta":{"site-sidebar-layout":"default","site-content-layout":"","ast-site-content-layout":"default","site-content-style":"default","site-sidebar-style":"default","ast-global-header-display":"","ast-banner-title-visibility":"","ast-main-header-display":"","ast-hfb-above-header-display":"","ast-hfb-below-header-display":"","ast-hfb-mobile-header-display":"","site-post-title":"","ast-breadcrumbs-content":"","ast-featured-img":"","footer-sml-layout":"","ast-disable-related-posts":"","theme-transparent-header-meta":"","adv-header-id-meta":"","stick-header-meta":"","header-above-stick-meta":"","header-main-stick-meta":"","header-below-stick-meta":"","astra-migrate-meta-layouts":"default","ast-page-background-enabled":"default","ast-page-background-meta":{"desktop":{"background-color":"var(--ast-global-color-5)","background-image":"","background-repeat":"repeat","background-position":"center center","background-size":"auto","background-attachment":"scroll","background-type":"","background-media":"","overlay-type":"","overlay-color":"","overlay-opacity":"","overlay-gradient":""},"tablet":{"background-color":"","background-image":"","background-repeat":"repeat","background-position":"center center","background-size":"auto","background-attachment":"scroll","background-type":"","background-media":"","overlay-type":"","overlay-color":"","overlay-opacity":"","overlay-gradient":""},"mobile":{"background-color":"","background-image":"","background-repeat":"repeat","background-position":"center center","background-size":"auto","background-attachment":"scroll","background-type":"","background-media":"","overlay-type":"","overlay-color":"","overlay-opacity":"","overlay-gradient":""}},"ast-content-background-meta":{"desktop":{"background-color":"var(--ast-global-color-4)","background-image":"","background-repeat":"repeat","background-position":"center center","background-size":"auto","background-attachment":"scroll","background-type":"","background-media":"","overlay-type":"","overlay-color":"","overlay-opacity":"","overlay-gradient":""},"tablet":{"background-color":"var(--ast-global-color-4)","background-image":"","background-repeat":"repeat","background-position":"center center","background-size":"auto","background-attachment":"scroll","background-type":"","background-media":"","overlay-type":"","overlay-color":"","overlay-opacity":"","overlay-gradient":""},"mobile":{"background-color":"var(--ast-global-color-4)","background-image":"","background-repeat":"repeat","background-position":"center center","background-size":"auto","background-attachment":"scroll","background-type":"","background-media":"","overlay-type":"","overlay-color":"","overlay-opacity":"","overlay-gradient":""}},"footnotes":""},"class_list":["post-2","page","type-page","status-publish","hentry"],"_links":{"self":[{"href":"https:\/\/anne-sechaud-consultants.fr\/index.php\/wp-json\/wp\/v2\/pages\/2","targetHints":{"allow":["GET"]}}],"collection":[{"href":"https:\/\/anne-sechaud-consultants.fr\/index.php\/wp-json\/wp\/v2\/pages"}],"about":[{"href":"https:\/\/anne-sechaud-consultants.fr\/index.php\/wp-json\/wp\/v2\/types\/page"}],"author":[{"embeddable":true,"href":"https:\/\/anne-sechaud-consultants.fr\/index.php\/wp-json\/wp\/v2\/users\/1"}],"replies":[{"embeddable":true,"href":"https:\/\/anne-sechaud-consultants.fr\/index.php\/wp-json\/wp\/v2\/comments?post=2"}],"version-history":[{"count":2,"href":"https:\/\/anne-sechaud-consultants.fr\/index.php\/wp-json\/wp\/v2\/pages\/2\/revisions"}],"predecessor-version":[{"id":54,"href":"https:\/\/anne-sechaud-consultants.fr\/index.php\/wp-json\/wp\/v2\/pages\/2\/revisions\/54"}],"wp:attachment":[{"href":"https:\/\/anne-sechaud-consultants.fr\/index.php\/wp-json\/wp\/v2\/media?parent=2"}],"curies":[{"name":"wp","href":"https:\/\/api.w.org\/{rel}","templated":true}]}}

<p><strong>POURQUOI&nbsp;?</strong><br>&nbsp;<br>Pour réorienter à l’extérieur les personnes qui ne répondent plus en interne à ce qu’on attend d’elles.</p>



<p><br><strong>QUAND ?</strong><br> <br>Lorsqu’une collaboration ne satisfait plus les partenaires en cause, pour y mettre fin « dans l’ordre »<br>et en harmonie avec les acteurs concernés de l’entreprise.<br> <br><strong>COMMENT ?</strong><br> <br>En accord avec le dirigeant de l’entreprise et le collaborateur concernés, ce dernier est accompagné<br>pour qu’il retrouve une situation conforme à son potentiel.<br> <br><strong>L’out placement comprend :</strong><br> <br> &#8211; Le bilan personnel et professionnel<br> &#8211; La construction d’un projet professionnel<br> &#8211; Les techniques de recherche d’emploi<br> &#8211; L’accompagnement dans les démarches, le coaching<br> &#8211; La garantie de retour à l’emploi dans les options prévues au contrat.<br> <br><strong>RESULTATS :</strong><br> <br>Le bénéficiaire retrouve à l’issue d’un out placement son employabilité.<br>L’entreprise conserve son image positive vis à vis de l’ensemble des personnes concernées en<br>interne et en externe et se forge une réputation de sérieux et de respect de la ressource humaine.</p>

<p>POURQUOI&nbsp;?&nbsp;Pour réorienter à l’extérieur les personnes qui ne répondent plus en interne à ce qu’on attend d’elles. QUAND ? Lorsqu’une collaboration ne [&hellip;]</p>
